+ 6571. What is j(-4)?
11
Let q(y) = y**3 - 4940*y**2 - 29707*y - 184. Determine q(-6).
2
Let m(z) = -50*z**2 - 303*z + 426. What is m(-7)?
97
Let z(s) = s**2 + 1625*s + 218580. Give z(-148).
-16
Let y(t) = -60889*t + 1522196. Give y(25).
-29
Let b(g) = g**3 - 80*g**2 - 2490*g + 143. Give b(-24).
-1
Let l(s) = -41*s**2 + 1733*s - 10. Determine l(43).
-1300
Let j(l) = -l**2 + 737*l + 8222. Calculate j(-11).
-6
Let k(w) = 4*w**3 - 144*w**2 + 1285*w + 54. Give k(19).
-79
Let v(d) = 65*d**3 - 25871*d**2 + 402*d - 1512. Determine v(398).
80
Let b(q) = -29*q**2 + 1195*q - 199. What is b(41)?
47
Let v(z) = -5*z**2 - 2188*z - 4021. What is v(-436)?
-533
Let i(n) = n**2 - 124*n + 3824. Determine i(57).
5
Let f(x) = -x**2 - 652*x + 19869. What is f(29)?
120
Let t(z) = 4049*z**2 - 8182*z + 163. What is t(2)?
-5
Let z(p) = -131*p**2 - 19136*p - 57390. Calculate z(-3).
-1161
Let k(a) = -19*a**2 - 290*a - 1062. What is k(-8)?
42
Let k(a) = -2*a**3 - 106*a**2 - 1297*a + 42. What is k(-34)?
212
Let n(c) = -c**3 - 364*c**2 + 1113*c - 132109. Calculate n(-368).
3
Let w(h) = -9*h**3 - 90*h**2 + 3017*h - 126. Calculate w(-24).
42
Let o(d) = d**2 + 686*d + 29998. Determine o(-47).
-35
Let p(n) = 8*n**2 - 709*n - 4021. Calculate p(94).
21
Let k(z) = -z**2 + 112*z - 3078. Give k(83).
-671
Let u(g) = -g**2 + 15890*g - 618195. What is u(39)?
-6
Let d(k) = 5*k**3 + 883*k**2 - 354*k - 77. What is d(-177)?
-77
Let t(i) = -35*i - 3580. Determine t(-82).
-710
Let p(c) = -15*c**2 + 223*c - 557. What is p(18)?
-1403
Let q(t) = -t**2 - 34*t - 959. What is q(-49)?
-1694
Let o(l) = 13527*l - 162392. Give o(12).
-68
Let h(s) = s - 3. Determine h(96).
93
Let l(s) = -s**2 + 695*s + 69822. Determine l(-89).
46
Let g(t) = 118*t**2 - 8498*t + 79. Determine g(72).
-65
Let r(y) = 643*y + 36079. Determine r(-56).
71
Let l(d) = -11*d**2 - 516*d + 24128. Determine l(29).
-87
Let p(o) = 4543*o + 32167. What is p(-7)?
366
Let q(o) = 6375*o - 1427999. Determine q(224).
1
Let z(o) = 13240*o**2 - 79435*o. What is z(6)?
30
Let g(j) = 4*j**3 + 30*j**2 - 168*j - 44. Give g(5).
366
Let h(l) = 3*l**3 - 10*l**2 - 6*l - 8. Give h(3).
-35
Let v(a) = -167*a**2 + 16725*a - 2531. Give v(100).
-31
Let s(o) = 1877*o**2 - 63809*o - 303. What is s(34)?
3
Let t(o) = -23*o**3 - 39*o**2 - 1410*o - 1408. Calculate t(-1).
-14
Let j(q) = -q**3 - 9*q**2 - 210*q - 2188. What is j(-12)?
764
Let q(v) = -1864263*v + 9321360. Calculate q(5).
45
Let n(f) = 2241*f**2 - 15678*f - 40. What is n(7)?
23
Let y(j) = j**2 + 266*j + 16647. Determine y(-187).
1874
Let b(j) = -4*j**2 + 1360*j - 1357. What is b(339)?
-1
Let q(g) = -108082*g + 1729341. Determine q(16).
29
Let b(s) = s**3 - 535*s**2 - 32451*s + 572. Determine b(590).
-18
Let o(t) = -30*t**2 + 1125*t - 330. Give o(37).
225
Let u(k) = 1816*k + 12634. Calculate u(-7).
-78
Let c(z) = -37*z**2 + 20581*z + 77846. Calculate c(560).
6
Let k(c) = c**3 - 5*c**2 - 327*c - 878. Calculate k(-14).
-24
Let q(b) = -4*b**3 + 601*b**2 - 1354*b + 3259. What is q(148)?
3
Let f(k) = -37*k + 5186. Calculate f(141).
-31
Let i(j) = 4*j**2 + 583*j + 16737. Give i(-30).
2847
Let p(o) = 10323*o - 247676. What is p(24)?
76
Let f(p) = 2781*p + 19533. Calculate f(-7).
66
Let a(s) = 57*s**2 + 855*s - 8048. Give a(9).
4264
Let m(v) = 300*v + 6854. Determine m(-22).
254
Let l(p) = -7705*p - 192643. Calculate l(-25).
-18
Let d(b) = 2*b**2 + 82*b + 191. Give d(-18).
-637
Let f(l) = 5*l**3 + 887*l**2 + 1227*l - 891. What is f(-176)?
-11
Let s(i) = -2*i**3 + 738*i**2 - 38*i + 13714. What is s(369)?
-308
Let f(v) = 5145*v + 36009. Calculate f(-7).
-6
Let q(y) = 64*y**2 - 741*y - 21. Give q(12).
303
Let x(g) = -g**3 - 115*g**2 + 972*g - 155. Calculate x(-123).
1321
Let w(n) = 4929*n - 478162. What is w(97)?
-49
Let r(o) = 7569*o + 15188. Determine r(-2).
50
Let y(r) = -r**3 + 19*r**2 - 97*r - 130. Determine y(16).
-914
Let h(u) = 621*u**2 - 1925*u - 4. Give h(3).
-190
Let v(k) = k**3 - 22*k**2 + 94*k - 9. Give v(9).
-216
Let l(g) = 145*g**2 - 661*g - 1983. What is l(-3)?
1305
Let d(j) = 8*j**2 - 15*j - 110. What is d(-6)?
268
Let m(j) = -5*j**2 + 1706*j + 26368. Calculate m(356).
24
Let i(b) = -74*b - 3194. What is i(-4)?
-2898
Let y(l) = -l**3 - 27*l**2 + 479*l + 9165. Calculate y(-33).
-108
Let d(t) = 2*t**2 + 1089*t + 140734. Determine d(-211).
-3
Let i(y) = 662*y - 83297. Determine i(126).
115
Let r(x) = 145*x**3 + 2536*x**2 - 1325*x + 119. Calculate r(-18).
-7
Let n(i) = 10*i**2 + 251*i + 1021. Calculate n(-4).
177
Let l(q) = -q**3 + 296*q**2 - 10236*q - 1018. What is l(256)?
6
Let g(p) = 2*p**3 - 135*p**2 - 342*p - 551. Give g(70).
9
Let q(f) = 36*f**2 - 89*f - 138. Calculate q(-5).
1207
Let f(g) = g**2 + 386*g - 3325. What is f(9)?
230
Let i(r) = 56866*r + 6880780. Calculate i(-121).
-6
Let z(s) = 8*s**2 + 216*s - 156. What is z(1)?
68
Let o(f) = -2*f**3 + 546*f**2 + 494*f + 15208. Give o(274).
412
Let a(d) = 2*d**3 + 17*d**2 - 1484*d - 7668. Give a(-5).
-73
Let g(b) = 39*b - 2054. Give g(43).
-377
Let l(c) = -4938*c**2 - 64195*c - 19. Calculate l(-13).
-6
Let s(j) = 135324*j - 2300558. Give s(17).
-50
Let p(w) = -w**3 - 56*w**2 + 264*w + 20098. What is p(-54)?
10
Let v(b) = -b**2 + 46*b + 21660. Determine v(-126).
-12
Let i(t) = -34*t**2 + 258*t + 2136. Calculate i(-5).
-4
Let t(m) = 92*m**3 + 3*m**2 + 44*m + 39. Calculate t(-1).
-94
Let i(f) = 3835*f - 68531. What is i(18)?
499
Let r(h) = 2*h**3 - 210*h**2 - 136*h - 8021. Determine r(106).
35
Let v(j) = -j**3 + 144*j**2 - 2896*j - 1972. Give v(25).
3
Let j(d) = -95*d - 28227. Give j(-294).
-297
Let r(l) = 24*l**2 - 2163*l - 11123. Give r(95).
-8
Let v(w) = -1651*w + 1676. Determine v(1).
25
Let y(x) = 2*x**2 + 90*x + 83. Give y(-9).
-565
Let p(a) = -a**2 - 2011*a + 150080. Determine p(72).
104
Let f(q) = -189744*q - 3035916. What is f(-16)?
-12
Let o(r) = -38406*r + 192330. Determine o(5).
300
Let o(h) = -2*h**2 - 122*h - 420. What is o(-62)?
-544
Let w(m) = -2311*m + 173319. Determine w(75).
-6
Let u(l) = -202*l**3 - 808*l**2 + 806*l + 3225. Give u(-4).
1
Let s(w) = -w**3 - 113*w**2 - 43*w + 7696. Determine s(-112).
-32
Let m(x) = -9756*x - 70361. Determine m(-7).
-2069
Let v(z) = -3686*z - 34430. Give v(-9).
-1256
Let u(i) = -3824*i + 2910. Determine u(1).
-914
Let a(g) = 41*g**2 - 318*g + 613. Give a(4).
-3
Let s(o) = o**2 + 7924*o + 503045. Give s(-64).
5
Let r(v) = v**3 - 371*v**2 + 3838*v + 43908. Determine r(360).
-12
Let b(z) = z**3 - 12544*z**2 - 364620*z - 77. What is b(-29)?
10
Let y(r) = -r**2 - 1821*r - 256735. Give y(-154).
-17
Let n(v) = 4331211*v - 129936329. Give n(30).
1
Let b(p) = 28711*p + 7378732. Determine b(-257).
5
Let t(h) = -19*h**2 - 1576*h + 97. Give t(-83).
14
Let d(f) = -1163*f - 4670. Give d(-4).
-18
Let o(v) = 57541*v + 748032. What is o(-13)?
-1
Let k(v) = -404*v - 35211. Calculate k(-87).
-63
Let o(g) = 21*g**2 + 137*g + 433. Calculate o(-3).
211
Let z(y) = -33480*y + 435260. Give z(13).
20
Let y(j) = -15*j**2 - 289*j + 291. Give y(1).
-13
Let b(d) = -749*d + 315355. What is b(421)?
26
Let l(s) = 3*s**3 - 4781*s**2 + 26903*s + 147683. Calculate l(1588).
-1
Let g(k) = -22*k**2 + 67*k + 1916. What is g(11)?
-9
Let p(z) = z**3 - 130*z**2 - 1370*z + 222368. Determine p(127).
-9
Let w(n) = -1077*n - 92628. Determine w(-86).
-6
Let f(j) = -j**3 - 14*j**2 + 7712*j + 130232. Determine f(-17).
-5
Let m(o) = -234*o + 5172. Determine m(21).
258
Let b(t) = -t**3 + 28*t**2 - 74*t + 4138. Calculate b(29).
1151
Let v(k) = -948*k**2 - 1930*k - 67. Give v(-2).
1
Let f(g) = 2*g**2 - 203*g - 9917. Calculate f(-37).
332
Let y(k) = 2*k**2 - 105*k - 22929. What is y(-84)?
3
Let s(h) = -120*h + 2381. Determine s(18).
221
Let a(b) = 370*b + 240140. What is a(-649)?
10
Let m(o) = 395219*o + 4742546. Determine m(-12).
-82
Let m(c) = -c**3 - 46*c**2 - 58*c + 120. What is m(-45)?
705
Let h(k) = -4*k**3 + 875*k**2 - 143*k + 79290. Calculate h(219).
12
Let t(u) = -u**2 - 3530*u + 233675. Give t(65).
0
Let b(t) = t**3 + 75*t**2 - 761*t - 446. Give b(-84).
-26
Let i(j) = -216*j**2 + 1756*j + 1755. Determine i(-1).
-217
Let i(k) = -137*k**2 - 55*k + 415. Determine i(5).
-3285
Let c(u) = -3412*u + 1845963. Determine c(541).
71
Let h(p) = 5284*p - 121557. Calculate h(23).
-25
Let r(u) = -132*u + 1911. Calculate r(7).
987
Let z(k) = 130*k**2 - 